 = 3. Is (-1)/(h - (-80)/(-79)) a composite number?
False
Suppose 5*h - 233 = -23. Suppose -h = -3*b + 60. Is b composite?
True
Let i(z) = 3*z**3 + 5*z**2 - 5*z - 6. Let y = 8 + -3. Is i(y) composite?
True
Suppose 8*z + 8295 = 3*z. Is (12 - z)*2/6 a prime number?
True
Let n(y) = 2*y**2 + 5*y + 1. Let h be n(-5). Let a = h - 14. Suppose 3*l + a = 153. Is l composite?
False
Let k(b) be the second derivative of 7*b**5/120 + b**4/8 - b**3/6 + b. Let r(i) be the second derivative of k(i). Is r(4) a prime number?
True
Let m = 4 - 2. Suppose -v + 10 = v, 50 = 5*k + m*v. Suppose 0 = -5*y + k*y - 255. Is y a composite number?
True
Suppose -6*m = -2*m - 2*f + 6, 4*m + 11 = -3*f. Is 6/(-4)*m*1 prime?
True
Suppose -6*y = -3*y - 12. Suppose 4*r + b - 75 = 0, -y = -r - 3*b + 12. Is r prime?
True
Suppose -y = -3*d + 4, -2*d = 4*y - 3*y + 9. Let l = y - -8. Is 460/6 + l/3 a prime number?
False
Let w be (-3)/((-12)/3292 - 0). Suppose 5*q - w = -2*h, 4*q + h - 668 = -3*h. Is q a prime number?
True
Suppose -4*l + 3*g + 4074 = -l, -2*g + 6 = 0. Is l a composite number?
False
Let j = 636 - 269. Is j a prime number?
True
Let f be (-1)/(-3) + 5/3. Suppose -f*b + 351 = b. Suppose -4*z - 159 = -5*d, b = -d + 4*d + 3*z. Is d composite?
True
Let k(s) be the first derivative of -1/4*s**4 + 3/2*s**2 + 2*s**3 - 1 + 7*s. Is k(5) prime?
True
Let s be (-1)/5 - 1773/(-15). Suppose s = -0*x + 2*x. Is x a composite number?
False
Suppose 5*i + 2 = 3*z - 10, -3*z = -4*i - 12. Suppose i = 2*c - 930 + 136. Is c a composite number?
False
Let g(t) = 71*t**3 + t**2 + 2*t + 1. Let n be g(-1). Let w = 234 + n. Is w prime?
True
Let a(t) = -t - 7. Let f be a(-8). Let h = -7 - f. Let k = -4 - h. Is k a composite number?
True
Let b(s) = s**3 + 10*s**2 + 7*s - 10. Let y be b(-9). Let n = y - 6. Is 11 - (0 + (n - 1)) composite?
True
Suppose 4*p = -0*p - 5*r + 11, 3*r - 17 = -5*p. Suppose 5*y - 21 = -5*j + 19, 3*j = 5*y + 40. Suppose -j - 2 = -p*w. Is w a composite number?
False
Let b be ((-3)/2)/((-3)/16). Let k = b + -5. Suppose 0 = -2*g - k*g + 185. Is g a composite number?
False
Let c(q) = -q**3 + 11*q**2 - 13*q + 16. Is c(7) a prime number?
False
Suppose 7*j - 1 = 4*j + i, j = -2*i + 12. Suppose 59 = j*c + 5*h - 34, -3*c - 3*h + 117 = 0. Is c a composite number?
True
Let w be (-10)/35 + 23/7. Is w - (-1 - (-75)/(-1)) composite?
False
Let x = 137 - 118. Is x a prime number?
True
Suppose 5*h + 1 = -j, -4*h - 3*j - 16 = -6*j. Let r be h/(((-4)/2)/(-2)). Is -2 - (r - 0) - -34 a composite number?
True
Let f(n) = -2*n - 7. Let d be f(-6). Suppose 0 = -2*a + a + d. Suppose -3*i + 2*m = -18, 31 = 5*i + a*m + 1. Is i composite?
True
Let i = -18 + 18. Is 302 + -4 + (i - 3) a prime number?
False
Let f(a) = -4*a - 2. Let t be f(4). Let p = 7 - 15. Let i = p - t. Is i a composite number?
True
Let s = 37 - 22. Is s a composite number?
True
Let n = 120 - -47. Is n composite?
False
Suppose -668 = -5*r - 3. Is r a composite number?
True
Let l(k) = 2*k + 1. Let x be l(2). Suppose b - 523 = -2*c - 194, -x*c + 657 = 2*b. Is b composite?
False
Let t(k) = k**2. Suppose 0 = 5*x - 3 - 7. Let i be t(x). Suppose -i*o + 15 = o. Is o a composite number?
False
Let y be 29 + 2 + 2 + -2. Let s = 6 + y. Is s prime?
True
Suppose 2*g - g = 14. Let k = 45 - g. Is k a prime number?
True
Suppose -2774 = -4*l - 3*v, 0 = -5*l + 3*v + 3861 - 380. Is l prime?
False
Suppose 0*w + 5530 = -5*w. Let p be (-2)/6 - w/(-21). Let g = p + 132. Is g prime?
True
Suppose -13 - 7 = 5*t, 809 = 5*x - t. Is x prime?
False
Let y(j) = -5 - j + 5*j + 0. Let g be y(5). Let f = g - 2. Is f a prime number?
True
Let o = -3 - -1. Let f be 87*o/(-3) - 3. Suppose 0 = -5*s - b + 243, 4*b + 14 - f = -s. Is s a prime number?
False
Let y be 138/33 - 2/11. Let i = 1 + y. Suppose -57 = -i*c + 128. Is c composite?
False
Suppose 260 = 3*k + k. Let b = 102 - k. Is b a prime number?
True
Let a be 6*(-1 - 7/(-3)). Let r = a - -311. Is r a prime number?
False
Let n(s) = 29*s**3 + 2*s - 2. Is n(3) composite?
False
Let c(h) = 67*h - 1. Let t be c(3). Let w = 289 - t. Is w a composite number?
False
Let d be 58/18 + (-4)/18. Suppose i - 194 = d*i. Let t = 188 + i. Is t a prime number?
False
Let d = 257 + -136. Is d prime?
False
Let z be (24/16)/((-2)/828). Let s = -354 - z. Is s composite?
True
Suppose -8*t + 5*t + 951 = 0. Is t a composite number?
False
Suppose -5*l - 4*a + 50 = 0, -5*l - 4*a - 6 = -4*l. Is l a prime number?
False
Suppose -93 = -6*a + 105. Is a a prime number?
False
Let b be 4/((-48)/9)*4. Let i = b - -3. Suppose -3*o + 4*z + 261 = i, 4*o = z + 4*z + 349. Is o prime?
False
Suppose 2*q - 361 = 13. Is q a composite number?
True
Is (-550)/(-6) + 5/(45/(-6)) a prime number?
False
Suppose 4*k - 4 = 4*f, 2*k - 6*k = f - 19. Suppose 4*x = 2*h, 4*h - k*x - 11 = 9. Is h prime?
False
Let o(l) = -579*l + 22. Is o(-17) prime?
False
Let a = 31 - 22. Let l = a + 4. Is l prime?
True
Suppose -14*x = -11*x - 291. Is x prime?
True
Let h(b) = 13*b - 19. Is h(6) composite?
False
Let g(k) = k**2 + k + 18. Let i be g(0). Suppose 15 = -y + 4*x - x, 4*x - i = y. Let h(c) = 5*c**2 + 5. Is h(y) a composite number?
True
Let c be (-9302)/(-22) + (-6)/(-33). Suppose -4*l - 4 = 0, -5*k = -3*k - 5*l - c. Is k prime?
False
Let o be (-6)/4*2680/(-12). Suppose 2*v = -3*v + o. Is v a composite number?
False
Let i = -36 - -150. Let h = 8 - 6. Suppose -4*b = h*s - i, 0*s = -5*s + b + 263. Is s a prime number?
True
Let q(z) = z**3 - 12*z**2 - 11*z - 7. Is q(15) a composite number?
False
Let t be (-1)/(((-3)/(-33))/1). Let a = t - -29. Suppose -h + 3*h = a. Is h prime?
False
Let c(t) = -t**2 - 7*t + 8. Let p(k) = 6*k. Let w be p(-1). Is c(w) a prime number?
False
Suppose -y = -0*y - 109. Suppose z = -2 + 14. Let w = y - z. Is w a composite number?
False
Let f = 360 + 359. Is f a prime number?
True
Let n be 3/3 + (0 - -1). Let c(z) = 2*z**2 - n + z + z + 2*z. Is c(-6) a prime number?
False
Suppose -3*y + 4*m - 27 = 0, -3*m = -y + 2 - 16. Let d(q) = -2 + 2*q + 1 - 71*q**2 + 72*q**2. Is d(y) composite?
True
Let x(n) = -n - 7. Let f be x(-6). Is ((-4)/2 - 44)/f composite?
True
Is 2 + -6 + 1242/6 a composite number?
True
Let n be (-160)/(-25) - 4/10. Let u(i) = 20*i - 1. Let c be u(n). Suppose q + c = 2*q. Is q a composite number?
True
Suppose 5*g = 2*r - 4*r - 2765, 0 = 4*g + 3*r + 2205. Let o = -336 - g. Is o a composite number?
True
Suppose 1374 - 359 = 5*u. Is u a prime number?
False
Let x be (-2364)/7 - 8/28. Let n(j) = j + 8. Let m be n(-9). Is x*(-1 - m/2) a prime number?
False
Let o(s) = -s + 6. Let t be o(6). Suppose t = -5*k + 685 - 70. Is k a composite number?
True
Let u = 617 + -324. Is u a composite number?
False
Let o = -62 - -219. Is o a prime number?
True
Let h(i) = 10*i**3 - i**2 - 2*i - 1. Let w be h(-1). Let o be -37*(-4)/w*-5. Suppose 0 = -3*c + 2*m + 15 + o, -4*m = -c + 23. Is c a composite number?
False
Suppose 3 = i - 2*b, -2*i - 3*i + 3*b = -15. Let r(v) = -v**2 - v**2 + 3*v**2 + 37*v**i. Is r(1) composite?
True
Let r(u) be the first derivative of 16*u**3/3 - u**2/2 - 3*u + 4. Is r(-4) composite?
False
Let c(d) = -2*d + 1. Let s = 13 + -8. Let o be (-15)/9*(s - 2). Is c(o) prime?
True
Let b(t) = -1060*t + 1. Is b(-3) composite?
False
Let d be (52/10)/((-10)/(-50)). Suppose 0 = t + 3*t. Suppose 3*s = -s - 5*x + 108, t = -s - x + d. Is s a prime number?
False
Suppose i - 5*l = 3*i - 40, 2*l = 8. Suppose 3*n = -n + 92. Let d = n - i. Is d prime?
True
Suppose 340 = 2*y - 232. Suppose 894 + y = 4*f. Is f a composite number?
True
Suppose 0 = -a - 0*a + 2. Suppose 2*q - 140 = -a*q. Suppose 3*c - 112 - q = 0. Is c a prime number?
False
Let o(t) = -t**3 - 6*t**2 + 5. Let w be o(-6). Suppose -5*f + w*i = -76 - 284, -i = f - 76. Is f prime?
False
Suppose 2*u = 6*u - 3*h - 27, -4*u = -5*h - 37. Suppose u*w + 3*d - 458 = -w, -331 = -3*w + 4*d. Is w a composite number?
False
Let m be (-2)/((-6)/(-21))*1. Let p(s) = s**2 - 9*s - 2. Let c be p(9). Is (-3118)/(-14) + c/m prime?
True
Suppose 0*y - 541 = -y - q, -5*q + 525 = y. Is y a prime number?
False
Let a(y) = y**2 - 3*y + 11. Let k be a(7). Let p = k - -43. Is p composite?
True
Is 1 + 1/((-5)/(-7980)) composite?
False
Let g(h) be the third derivative of h**4/6 - 5*h**3/6 - 2*h**2. Is g(9) prime?
True
Let n(j) = -20*j - 3. Let p be